{"id":1073,"date":"2026-04-18T01:52:31","date_gmt":"2026-04-18T01:52:31","guid":{"rendered":"https:\/\/chillaulouvre.fr\/?page_id=1073"},"modified":"2026-04-18T01:52:34","modified_gmt":"2026-04-18T01:52:34","slug":"phototheque","status":"publish","type":"page","link":"https:\/\/chillaulouvre.fr\/?page_id=1073","title":{"rendered":"PHOTOTH\u00c8QUE"},"content":{"rendered":"<style>\n@import url('https:\/\/fonts.googleapis.com\/css2?family=Syne:wght@700;800&family=Inter:wght@400;500;600&display=swap');\n*{margin:0;padding:0;box-sizing:border-box;}\n:root{--blue:#47B2F4;--teal:#40FFCA;--purple:#9B5CE6;--dark:#111111;--white:#FFFFFF;--off:#F8F7F4;--gray:#6B6B6B;--border:#E8E8E8;--text:#1A1A1A;--grad:linear-gradient(135deg,#47B2F4 0%,#40FFCA 50%,#9B5CE6 100%);}\nhtml{scroll-behavior:smooth;}\nbody{font-family:'Inter',sans-serif;background:var(--white);color:var(--text);overflow-x:hidden;}\n.site-header,.site-footer,.wp-block-template-part,.page-header,.entry-header,#masthead,header.site-header,.ast-masthead-custom-spacing{display:none!important;}\n#page{padding-top:0!important;margin-top:0!important;}\n#cs *{box-sizing:border-box;}\n#cs a{text-decoration:none;color:inherit;}\n#cs ul{list-style:none;padding:0;margin:0;}<\/p>\n<p>.logo-mark img{width:100%;height:100%;object-fit:cover;}<\/p>\n<p>.nav-links a:hover,.nav-links a.active{color:var(--dark);background:rgba(0,0,0,0.04);}<\/p>\n<p>#cs .inner{max-width:1200px;margin:0 auto;}\n#cs .s-tag{display:inline-block;font-size:11px;font-weight:700;letter-spacing:2px;text-transform:uppercase;margin-bottom:16px;background:var(--grad);-webkit-background-clip:text;-webkit-text-fill-color:transparent;background-clip:text;}\n#cs .s-title{font-family:'Syne',sans-serif;font-weight:800;font-size:clamp(34px,4vw,54px);line-height:1.0;letter-spacing:-1.5px;margin-bottom:20px;color:var(--dark);}\n#cs .grad-text{background:var(--grad);-webkit-background-clip:text;-webkit-text-fill-color:transparent;background-clip:text;}<\/p>\n<p>#cs .page-hero{padding:140px 48px 60px;background:var(--white);position:relative;overflow:hidden;}\n#cs .page-hero-bg{position:absolute;top:-100px;right:-100px;width:600px;height:600px;background:radial-gradient(ellipse,rgba(71,178,244,0.1) 0%,rgba(64,255,202,0.08) 50%,transparent 100%);border-radius:50%;pointer-events:none;}<\/p>\n<p>\/* GALERIE *\/\n#cs .galerie{padding:0 48px 80px;}<\/p>\n<p>#cs .photo-full{width:100%;border-radius:20px;overflow:hidden;margin-bottom:16px;position:relative;}\n#cs .photo-full img{width:100%;height:auto;display:block;}\n#cs .photo-caption{background:var(--off);padding:14px 20px;border-radius:0 0 20px 20px;display:flex;align-items:center;justify-content:space-between;}\n#cs .photo-caption-text{font-size:14px;font-weight:600;color:var(--dark);}\n#cs .photo-caption-year{font-size:11px;font-weight:700;background:var(--grad);-webkit-background-clip:text;-webkit-text-fill-color:transparent;background-clip:text;letter-spacing:1px;}<\/p>\n<p>#cs .photo-row-2{display:grid;grid-template-columns:1fr 1fr;gap:16px;margin-bottom:16px;}\n#cs .photo-row-3{display:grid;grid-template-columns:1fr 1fr 1fr;gap:16px;margin-bottom:16px;}<\/p>\n<p>#cs .photo-item{border-radius:20px;overflow:hidden;border:1.5px solid var(--border);}\n#cs .photo-item img{width:100%;height:auto;display:block;}\n#cs .photo-item .cap{background:var(--off);padding:12px 16px;}\n#cs .photo-item .cap span{font-size:13px;font-weight:600;color:var(--dark);display:block;}\n#cs .photo-item .cap small{font-size:11px;color:var(--gray);}<\/p>\n<p>\/* SECTION TITRE *\/\n#cs .section-label{padding:48px 48px 24px;}\n#cs .section-label h3{font-family:'Syne',sans-serif;font-size:24px;font-weight:800;color:var(--dark);margin-bottom:4px;}\n#cs .section-label p{font-size:14px;color:var(--gray);}\n#cs .section-divider{width:48px;height:3px;background:var(--grad);border-radius:2px;margin-top:12px;}<\/p>\n<p>#cs footer{background:var(--dark);padding:60px 48px 32px;}\n#cs .f-top{display:grid;grid-template-columns:2fr 1fr 1fr 1fr;gap:48px;margin-bottom:48px;}\n#cs .f-brand p{font-size:13px;color:rgba(255,255,255,0.35);line-height:1.75;margin-top:16px;max-width:260px;}\n#cs .f-col h5{font-size:11px;font-weight:700;letter-spacing:1.5px;text-transform:uppercase;margin-bottom:16px;background:var(--grad);-webkit-background-clip:text;-webkit-text-fill-color:transparent;background-clip:text;}\n#cs .f-col ul li{margin-bottom:10px;}\n#cs .f-col ul li a{font-size:13px;color:rgba(255,255,255,0.35);text-decoration:none;}\n#cs .f-col ul li a:hover{color:#fff;}\n#cs .f-bottom{border-top:1px solid rgba(255,255,255,0.08);padding-top:24px;display:flex;justify-content:space-between;}\n#cs .f-bottom p{font-size:12px;color:rgba(255,255,255,0.2);}\n<\/style>\n<div id=\"cs\">\n<div class=\"page-hero\">\n<div class=\"page-hero-bg\"><\/div>\n<div class=\"inner\">\n    <span class=\"s-tag\">Vie de l&rsquo;association<\/span><\/p>\n<h1 class=\"s-title\">Photo<span class=\"grad-text\">th\u00e8que<\/span><\/h1>\n<p style=\"font-size:17px;color:var(--gray);line-height:1.75;max-width:580px;\">Les actions sur le terrain, les projets, les personnages et les moments forts de Chill au Louvre depuis 2023.<\/p>\n<\/p><\/div>\n<\/div>\n<p><!-- SECTION 1 : PERSONNAGES --><\/p>\n<div class=\"section-label\">\n<div class=\"inner\">\n<h3>Les personnages<\/h3>\n<p>Sonya, Professeur Wolf &#038; la Team Chill \u2014 les avatars p\u00e9dagogiques de Chill au Louvre<\/p>\n<div class=\"section-divider\"><\/div>\n<\/p><\/div>\n<\/div>\n<div class=\"galerie\">\n<div class=\"photo-row-2\">\n<div class=\"photo-item\">\n      <img decoding=\"async\" src=\"https:\/\/chillaulouvre.fr\/wp-content\/uploads\/2026\/04\/671746966_810631535451612_5960373203153990289_n.jpg\" alt=\"Sonya\"><\/p>\n<div class=\"cap\"><span>Sonya \u2014 L&rsquo;avatar citoyenne<\/span><small>Personnage p\u00e9dagogique Chill au Louvre<\/small><\/div>\n<\/p><\/div>\n<div class=\"photo-item\">\n      <img decoding=\"async\" src=\"https:\/\/chillaulouvre.fr\/wp-content\/uploads\/2026\/04\/487828284_514137615101007_1059031442125677257_n.jpg\" alt=\"Prof Wolf et Team Chill\"><\/p>\n<div class=\"cap\"><span>Professeur Wolf &#038; la Team Chill<\/span><small>Au Mus\u00e9e du Louvre, Paris<\/small><\/div>\n<\/p><\/div>\n<\/p><\/div>\n<\/div>\n<p><!-- SECTION 2 : PROJETS 2026 --><\/p>\n<div class=\"section-label\">\n<div class=\"inner\">\n<h3>Projets 2026<\/h3>\n<p>Notre Quartier Malassis, Un \u00c9t\u00e9 pour Respirer<\/p>\n<div class=\"section-divider\"><\/div>\n<\/p><\/div>\n<\/div>\n<div class=\"galerie\" style=\"padding-top:0;\">\n<div class=\"photo-full\">\n    <img decoding=\"async\" src=\"https:\/\/chillaulouvre.fr\/wp-content\/uploads\/2026\/04\/658761617_18008399000895248_2570161637203811471_n.jpg\" alt=\"Notre Quartier Malassis\"><\/p>\n<div class=\"photo-caption\">\n      <span class=\"photo-caption-text\">Affiche \u2014 Notre Quartier Malassis<\/span><br \/>\n      <span class=\"photo-caption-year\">2026<\/span>\n    <\/div>\n<\/p><\/div>\n<div class=\"photo-full\">\n    <img decoding=\"async\" src=\"https:\/\/chillaulouvre.fr\/wp-content\/uploads\/2026\/04\/1.jpg\" alt=\"Un \u00c9t\u00e9 pour Respirer\"><\/p>\n<div class=\"photo-caption\">\n      <span class=\"photo-caption-text\">Un \u00c9t\u00e9 pour Respirer \u2014 Louvre-Lens &#038; Louvre Paris<\/span><br \/>\n      <span class=\"photo-caption-year\">2026<\/span>\n    <\/div>\n<\/p><\/div>\n<\/div>\n<p><!-- SECTION 3 : TOURNOI 2025 --><\/p>\n<div class=\"section-label\">\n<div class=\"inner\">\n<h3>Tournoi La Mal\u00e9diction du Louvre \u2014 2025<\/h3>\n<p>Finale intercentres, novembre 2025 \u2014 98% de satisfaction, 61 animateurs mobilis\u00e9s<\/p>\n<div class=\"section-divider\"><\/div>\n<\/p><\/div>\n<\/div>\n<div class=\"galerie\" style=\"padding-top:0;\">\n<div class=\"photo-full\">\n    <img decoding=\"async\" src=\"https:\/\/chillaulouvre.fr\/wp-content\/uploads\/2026\/04\/582578072_695238260324274_6279604074350390611_n.jpg\" alt=\"Finale Tournoi La Mal\u00e9diction du Louvre\"><\/p>\n<div class=\"photo-caption\">\n      <span class=\"photo-caption-text\">Finale Tournoi La Mal\u00e9diction du Louvre<\/span><br \/>\n      <span class=\"photo-caption-year\">Novembre 2025<\/span>\n    <\/div>\n<\/p><\/div>\n<\/div>\n<p><!-- SECTION 4 : FETE DE QUARTIER 2025 --><\/p>\n<div class=\"section-label\">\n<div class=\"inner\">\n<h3>F\u00eate de quartier des Malassis \u2014 2025<\/h3>\n<p>Premi\u00e8re participation au stand d&rsquo;animation \u2014 96 coloriages r\u00e9alis\u00e9s<\/p>\n<div class=\"section-divider\"><\/div>\n<\/p><\/div>\n<\/div>\n<div class=\"galerie\" style=\"padding-top:0;\">\n<div class=\"photo-full\">\n    <img decoding=\"async\" src=\"https:\/\/chillaulouvre.fr\/wp-content\/uploads\/2026\/04\/513721637_582030908311677_5660408970632704298_n.jpg\" alt=\"F\u00eate de quartier 2025\"><\/p>\n<div class=\"photo-caption\">\n      <span class=\"photo-caption-text\">F\u00eate de quartier des Malassis<\/span><br \/>\n      <span class=\"photo-caption-year\">Juin 2025<\/span>\n    <\/div>\n<\/p><\/div>\n<\/div>\n<p><!-- SECTION 5 : FORMATION & MEDIAS --><\/p>\n<div class=\"section-label\">\n<div class=\"inner\">\n<h3>Formation &#038; m\u00e9dias<\/h3>\n<p>Formation au Mus\u00e9e du Louvre, presse locale \u2014 BajoMag<\/p>\n<div class=\"section-divider\"><\/div>\n<\/p><\/div>\n<\/div>\n<div class=\"galerie\" style=\"padding-top:0;\">\n<div class=\"photo-row-2\">\n<div class=\"photo-item\">\n      <img decoding=\"async\" src=\"https:\/\/chillaulouvre.fr\/wp-content\/uploads\/2026\/04\/477112574_17960635499895248_7214086015142020572_n.jpg\" alt=\"Formation au Louvre\"><\/p>\n<div class=\"cap\"><span>Formation au Mus\u00e9e du Louvre<\/span><small>Programme champ social et \u00e9ducatif \u2014 2025<\/small><\/div>\n<\/p><\/div>\n<div class=\"photo-item\">\n      <img decoding=\"async\" src=\"https:\/\/chillaulouvre.fr\/wp-content\/uploads\/2026\/04\/470602058_17954210129895248_1799088267655224500_n.jpg\" alt=\"BajoMag article\"><\/p>\n<div class=\"cap\"><span>Article BajoMag<\/span><small>Presse locale \u2014 Juin 2024<\/small><\/div>\n<\/p><\/div>\n<\/p><\/div>\n<\/div>\n<p><!-- SECTION 6 : ARCHIVES --><\/p>\n<div class=\"section-label\">\n<div class=\"inner\">\n<h3>Archives &#038; actions culturelles<\/h3>\n<p>Espace artistique au Ch\u00e2teau de l&rsquo;\u00c9tang \u2014 Bagnolet 2024<\/p>\n<div class=\"section-divider\"><\/div>\n<\/p><\/div>\n<\/div>\n<div class=\"galerie\" style=\"padding-top:0;\">\n<div class=\"photo-full\">\n    <img decoding=\"async\" src=\"https:\/\/chillaulouvre.fr\/wp-content\/uploads\/2026\/04\/441874511_318483557999748_4910964852148846146_n.png\" alt=\"Espace artistique Ch\u00e2teau de l'\u00c9tang\"><\/p>\n<div class=\"photo-caption\">\n      <span class=\"photo-caption-text\">Espace artistique \u2014 Ch\u00e2teau de l&rsquo;\u00c9tang, Bagnolet<\/span><br \/>\n      <span class=\"photo-caption-year\">2024<\/span>\n    <\/div>\n<\/p><\/div>\n<\/div>\n<footer>\n<div class=\"inner\" style=\"max-width:1200px;margin:0 auto;padding:0 48px;\">\n<div class=\"f-top\">\n<div class=\"f-brand\">\n<div style=\"display:flex;align-items:center;gap:10px;margin-bottom:8px;\">\n<div style=\"width:32px;height:32px;border-radius:8px;overflow:hidden;\"><img decoding=\"async\" src=\"https:\/\/chillaulouvre.fr\/wp-content\/uploads\/2026\/04\/600391355_721187694395997_4942888190427856467_n.jpg\" style=\"width:100%;height:100%;object-fit:cover;\"><\/div>\n<p>          <span style=\"font-family:'Syne',sans-serif;font-size:15px;font-weight:800;color:#fff;\">Chill au Louvre<\/span>\n        <\/div>\n<p>Le Mus\u00e9e Mobile Citoyen. M\u00e9diation culturelle et \u00e9ducation citoyenne pour les jeunes et familles de Bagnolet (93).<\/p>\n<\/p><\/div>\n<div class=\"f-col\">\n<h5>Projets<\/h5>\n<ul>\n<li><a href=\"\/projets\">Je suis citoyen<\/a><\/li>\n<li><a href=\"\/projets\">Notre Quartier Malassis<\/a><\/li>\n<li><a href=\"\/projets\">Un \u00c9t\u00e9 pour Respirer<\/a><\/li>\n<\/ul>\n<\/div>\n<div class=\"f-col\">\n<h5>Ressources<\/h5>\n<ul>\n<li><a href=\"\/malediction-du-louvre\">La Mal\u00e9diction du Louvre<\/a><\/li>\n<li><a href=\"\/phototheque\">Phototh\u00e8que<\/a><\/li>\n<li><a href=\"\/personnages\">Personnages<\/a><\/li>\n<\/ul>\n<\/div>\n<div class=\"f-col\">\n<h5>Association<\/h5>\n<ul>\n<li><a href=\"\/accueil\">L&rsquo;association<\/a><\/li>\n<li><a href=\"\/contact\">Contact &#038; devis<\/a><\/li>\n<\/ul>\n<\/div><\/div>\n<div class=\"f-bottom\">\n<p>\u00a9 2026 Chill au Louvre \u2014 Association loi 1901 \u00b7 SIRET 923 634 521 00010<\/p>\n<p>Bagnolet (93) \u00b7 chillaulouvre@outlook.fr<\/p>\n<\/p><\/div>\n<\/p><\/div>\n<\/footer>\n<\/div>\n","protected":false},"excerpt":{"rendered":"<p>Vie de l&rsquo;association Phototh\u00e8que Les actions sur le terrain, les projets, les personnages et les moments forts de Chill au Louvre depuis 2023. Les personnages Sonya, Professeur Wolf &#038; la [&hellip;]<\/p>\n","protected":false},"author":1,"featured_media":0,"parent":0,"menu_order":0,"comment_status":"closed","ping_status":"closed","template":"","meta":{"give_campaign_id":0,"om_disable_all_campaigns":false,"_monsterinsights_skip_tracking":false,"_monsterinsights_sitenote_active":false,"_monsterinsights_sitenote_note":"","_monsterinsights_sitenote_category":0,"site-sidebar-layout":"default","site-content-layout":"","ast-site-content-layout":"default","site-content-style":"default","site-sidebar-style":"default","ast-global-header-display":"","ast-banner-title-visibility":"","ast-main-header-display":"","ast-hfb-above-header-display":"","ast-hfb-below-header-display":"","ast-hfb-mobile-header-display":"","site-post-title":"","ast-breadcrumbs-content":"","ast-featured-img":"","footer-sml-layout":"","ast-disable-related-posts":"","theme-transparent-header-meta":"","adv-header-id-meta":"","stick-header-meta":"","header-above-stick-meta":"","header-main-stick-meta":"","header-below-stick-meta":"","astra-migrate-meta-layouts":"default","ast-page-background-enabled":"default","ast-page-background-meta":{"desktop":{"background-color":"var(--ast-global-color-5)","background-image":"","background-repeat":"repeat","background-position":"center center","background-size":"auto","background-attachment":"scroll","background-type":"","background-media":"","overlay-type":"","overlay-color":"","overlay-opacity":"","overlay-gradient":""},"tablet":{"background-color":"","background-image":"","background-repeat":"repeat","background-position":"center center","background-size":"auto","background-attachment":"scroll","background-type":"","background-media":"","overlay-type":"","overlay-color":"","overlay-opacity":"","overlay-gradient":""},"mobile":{"background-color":"","background-image":"","background-repeat":"repeat","background-position":"center center","background-size":"auto","background-attachment":"scroll","background-type":"","background-media":"","overlay-type":"","overlay-color":"","overlay-opacity":"","overlay-gradient":""}},"ast-content-background-meta":{"desktop":{"background-color":"var(--ast-global-color-4)","background-image":"","background-repeat":"repeat","background-position":"center center","background-size":"auto","background-attachment":"scroll","background-type":"","background-media":"","overlay-type":"","overlay-color":"","overlay-opacity":"","overlay-gradient":""},"tablet":{"background-color":"var(--ast-global-color-4)","background-image":"","background-repeat":"repeat","background-position":"center center","background-size":"auto","background-attachment":"scroll","background-type":"","background-media":"","overlay-type":"","overlay-color":"","overlay-opacity":"","overlay-gradient":""},"mobile":{"background-color":"var(--ast-global-color-4)","background-image":"","background-repeat":"repeat","background-position":"center center","background-size":"auto","background-attachment":"scroll","background-type":"","background-media":"","overlay-type":"","overlay-color":"","overlay-opacity":"","overlay-gradient":""}},"_themeisle_gutenberg_block_has_review":false,"footnotes":""},"class_list":["post-1073","page","type-page","status-publish","hentry"],"yoast_head":"<!-- This site is optimized with the Yoast SEO plugin v27.4 - https:\/\/yoast.com\/product\/yoast-seo-wordpress\/ -->\n<title>PHOTOTH\u00c8QUE - CHILL au Louvre<\/title>\n<meta name=\"robots\" content=\"index, follow, max-snippet:-1, max-image-preview:large, max-video-preview:-1\" \/>\n<link rel=\"canonical\" href=\"https:\/\/chillaulouvre.fr\/?page_id=1073\" \/>\n<meta property=\"og:locale\" content=\"fr_FR\" \/>\n<meta property=\"og:type\" content=\"article\" \/>\n<meta property=\"og:title\" content=\"PHOTOTH\u00c8QUE - CHILL au Louvre\" \/>\n<meta property=\"og:description\" content=\"Vie de l&rsquo;association Phototh\u00e8que Les actions sur le terrain, les projets, les personnages et les moments forts de Chill au Louvre depuis 2023. Les personnages Sonya, Professeur Wolf &#038; la [&hellip;]\" \/>\n<meta property=\"og:url\" content=\"https:\/\/chillaulouvre.fr\/?page_id=1073\" \/>\n<meta property=\"og:site_name\" content=\"CHILL au Louvre\" \/>\n<meta property=\"article:modified_time\" content=\"2026-04-18T01:52:34+00:00\" \/>\n<meta property=\"og:image\" content=\"https:\/\/chillaulouvre.fr\/wp-content\/uploads\/2026\/04\/671746966_810631535451612_5960373203153990289_n.jpg\" \/>\n<meta name=\"twitter:card\" content=\"summary_large_image\" \/>\n<meta name=\"twitter:label1\" content=\"Dur\u00e9e de lecture estim\u00e9e\" \/>\n\t<meta name=\"twitter:data1\" content=\"4 minutes\" \/>\n<script type=\"application\/ld+json\" class=\"yoast-schema-graph\">{\"@context\":\"https:\\\/\\\/schema.org\",\"@graph\":[{\"@type\":\"WebPage\",\"@id\":\"https:\\\/\\\/chillaulouvre.fr\\\/?page_id=1073\",\"url\":\"https:\\\/\\\/chillaulouvre.fr\\\/?page_id=1073\",\"name\":\"PHOTOTH\u00c8QUE - CHILL au Louvre\",\"isPartOf\":{\"@id\":\"https:\\\/\\\/chillaulouvre.fr\\\/#website\"},\"primaryImageOfPage\":{\"@id\":\"https:\\\/\\\/chillaulouvre.fr\\\/?page_id=1073#primaryimage\"},\"image\":{\"@id\":\"https:\\\/\\\/chillaulouvre.fr\\\/?page_id=1073#primaryimage\"},\"thumbnailUrl\":\"https:\\\/\\\/chillaulouvre.fr\\\/wp-content\\\/uploads\\\/2026\\\/04\\\/671746966_810631535451612_5960373203153990289_n.jpg\",\"datePublished\":\"2026-04-18T01:52:31+00:00\",\"dateModified\":\"2026-04-18T01:52:34+00:00\",\"breadcrumb\":{\"@id\":\"https:\\\/\\\/chillaulouvre.fr\\\/?page_id=1073#breadcrumb\"},\"inLanguage\":\"fr-FR\",\"potentialAction\":[{\"@type\":\"ReadAction\",\"target\":[\"https:\\\/\\\/chillaulouvre.fr\\\/?page_id=1073\"]}]},{\"@type\":\"ImageObject\",\"inLanguage\":\"fr-FR\",\"@id\":\"https:\\\/\\\/chillaulouvre.fr\\\/?page_id=1073#primaryimage\",\"url\":\"https:\\\/\\\/chillaulouvre.fr\\\/wp-content\\\/uploads\\\/2026\\\/04\\\/671746966_810631535451612_5960373203153990289_n.jpg\",\"contentUrl\":\"https:\\\/\\\/chillaulouvre.fr\\\/wp-content\\\/uploads\\\/2026\\\/04\\\/671746966_810631535451612_5960373203153990289_n.jpg\",\"width\":1149,\"height\":2048},{\"@type\":\"BreadcrumbList\",\"@id\":\"https:\\\/\\\/chillaulouvre.fr\\\/?page_id=1073#breadcrumb\",\"itemListElement\":[{\"@type\":\"ListItem\",\"position\":1,\"name\":\"Accueil\",\"item\":\"https:\\\/\\\/chillaulouvre.fr\\\/\"},{\"@type\":\"ListItem\",\"position\":2,\"name\":\"PHOTOTH\u00c8QUE\"}]},{\"@type\":\"WebSite\",\"@id\":\"https:\\\/\\\/chillaulouvre.fr\\\/#website\",\"url\":\"https:\\\/\\\/chillaulouvre.fr\\\/\",\"name\":\"CHILL au Louvre\",\"description\":\"Relier savoirs, culture et citoyennet\u00e9 par l\u2019exp\u00e9rience.\",\"publisher\":{\"@id\":\"https:\\\/\\\/chillaulouvre.fr\\\/#organization\"},\"potentialAction\":[{\"@type\":\"SearchAction\",\"target\":{\"@type\":\"EntryPoint\",\"urlTemplate\":\"https:\\\/\\\/chillaulouvre.fr\\\/?s={search_term_string}\"},\"query-input\":{\"@type\":\"PropertyValueSpecification\",\"valueRequired\":true,\"valueName\":\"search_term_string\"}}],\"inLanguage\":\"fr-FR\"},{\"@type\":\"Organization\",\"@id\":\"https:\\\/\\\/chillaulouvre.fr\\\/#organization\",\"name\":\"CHILL au Louvre\",\"url\":\"https:\\\/\\\/chillaulouvre.fr\\\/\",\"logo\":{\"@type\":\"ImageObject\",\"inLanguage\":\"fr-FR\",\"@id\":\"https:\\\/\\\/chillaulouvre.fr\\\/#\\\/schema\\\/logo\\\/image\\\/\",\"url\":\"https:\\\/\\\/chillaulouvre.fr\\\/wp-content\\\/uploads\\\/2025\\\/03\\\/ChatGPT-Image-5-oct.-2025-22_32_04.png\",\"contentUrl\":\"https:\\\/\\\/chillaulouvre.fr\\\/wp-content\\\/uploads\\\/2025\\\/03\\\/ChatGPT-Image-5-oct.-2025-22_32_04.png\",\"width\":1024,\"height\":1024,\"caption\":\"CHILL au Louvre\"},\"image\":{\"@id\":\"https:\\\/\\\/chillaulouvre.fr\\\/#\\\/schema\\\/logo\\\/image\\\/\"}}]}<\/script>\n<!-- \/ Yoast SEO plugin. -->","yoast_head_json":{"title":"PHOTOTH\u00c8QUE - CHILL au Louvre","robots":{"index":"index","follow":"follow","max-snippet":"max-snippet:-1","max-image-preview":"max-image-preview:large","max-video-preview":"max-video-preview:-1"},"canonical":"https:\/\/chillaulouvre.fr\/?page_id=1073","og_locale":"fr_FR","og_type":"article","og_title":"PHOTOTH\u00c8QUE - CHILL au Louvre","og_description":"Vie de l&rsquo;association Phototh\u00e8que Les actions sur le terrain, les projets, les personnages et les moments forts de Chill au Louvre depuis 2023. Les personnages Sonya, Professeur Wolf &#038; la [&hellip;]","og_url":"https:\/\/chillaulouvre.fr\/?page_id=1073","og_site_name":"CHILL au Louvre","article_modified_time":"2026-04-18T01:52:34+00:00","og_image":[{"url":"https:\/\/chillaulouvre.fr\/wp-content\/uploads\/2026\/04\/671746966_810631535451612_5960373203153990289_n.jpg","type":"","width":"","height":""}],"twitter_card":"summary_large_image","twitter_misc":{"Dur\u00e9e de lecture estim\u00e9e":"4 minutes"},"schema":{"@context":"https:\/\/schema.org","@graph":[{"@type":"WebPage","@id":"https:\/\/chillaulouvre.fr\/?page_id=1073","url":"https:\/\/chillaulouvre.fr\/?page_id=1073","name":"PHOTOTH\u00c8QUE - CHILL au Louvre","isPartOf":{"@id":"https:\/\/chillaulouvre.fr\/#website"},"primaryImageOfPage":{"@id":"https:\/\/chillaulouvre.fr\/?page_id=1073#primaryimage"},"image":{"@id":"https:\/\/chillaulouvre.fr\/?page_id=1073#primaryimage"},"thumbnailUrl":"https:\/\/chillaulouvre.fr\/wp-content\/uploads\/2026\/04\/671746966_810631535451612_5960373203153990289_n.jpg","datePublished":"2026-04-18T01:52:31+00:00","dateModified":"2026-04-18T01:52:34+00:00","breadcrumb":{"@id":"https:\/\/chillaulouvre.fr\/?page_id=1073#breadcrumb"},"inLanguage":"fr-FR","potentialAction":[{"@type":"ReadAction","target":["https:\/\/chillaulouvre.fr\/?page_id=1073"]}]},{"@type":"ImageObject","inLanguage":"fr-FR","@id":"https:\/\/chillaulouvre.fr\/?page_id=1073#primaryimage","url":"https:\/\/chillaulouvre.fr\/wp-content\/uploads\/2026\/04\/671746966_810631535451612_5960373203153990289_n.jpg","contentUrl":"https:\/\/chillaulouvre.fr\/wp-content\/uploads\/2026\/04\/671746966_810631535451612_5960373203153990289_n.jpg","width":1149,"height":2048},{"@type":"BreadcrumbList","@id":"https:\/\/chillaulouvre.fr\/?page_id=1073#breadcrumb","itemListElement":[{"@type":"ListItem","position":1,"name":"Accueil","item":"https:\/\/chillaulouvre.fr\/"},{"@type":"ListItem","position":2,"name":"PHOTOTH\u00c8QUE"}]},{"@type":"WebSite","@id":"https:\/\/chillaulouvre.fr\/#website","url":"https:\/\/chillaulouvre.fr\/","name":"CHILL au Louvre","description":"Relier savoirs, culture et citoyennet\u00e9 par l\u2019exp\u00e9rience.","publisher":{"@id":"https:\/\/chillaulouvre.fr\/#organization"},"potentialAction":[{"@type":"SearchAction","target":{"@type":"EntryPoint","urlTemplate":"https:\/\/chillaulouvre.fr\/?s={search_term_string}"},"query-input":{"@type":"PropertyValueSpecification","valueRequired":true,"valueName":"search_term_string"}}],"inLanguage":"fr-FR"},{"@type":"Organization","@id":"https:\/\/chillaulouvre.fr\/#organization","name":"CHILL au Louvre","url":"https:\/\/chillaulouvre.fr\/","logo":{"@type":"ImageObject","inLanguage":"fr-FR","@id":"https:\/\/chillaulouvre.fr\/#\/schema\/logo\/image\/","url":"https:\/\/chillaulouvre.fr\/wp-content\/uploads\/2025\/03\/ChatGPT-Image-5-oct.-2025-22_32_04.png","contentUrl":"https:\/\/chillaulouvre.fr\/wp-content\/uploads\/2025\/03\/ChatGPT-Image-5-oct.-2025-22_32_04.png","width":1024,"height":1024,"caption":"CHILL au Louvre"},"image":{"@id":"https:\/\/chillaulouvre.fr\/#\/schema\/logo\/image\/"}}]}},"campaignId":"","jetpack_sharing_enabled":true,"_links":{"self":[{"href":"https:\/\/chillaulouvre.fr\/index.php?rest_route=\/wp\/v2\/pages\/1073","targetHints":{"allow":["GET"]}}],"collection":[{"href":"https:\/\/chillaulouvre.fr\/index.php?rest_route=\/wp\/v2\/pages"}],"about":[{"href":"https:\/\/chillaulouvre.fr\/index.php?rest_route=\/wp\/v2\/types\/page"}],"author":[{"embeddable":true,"href":"https:\/\/chillaulouvre.fr\/index.php?rest_route=\/wp\/v2\/users\/1"}],"replies":[{"embeddable":true,"href":"https:\/\/chillaulouvre.fr\/index.php?rest_route=%2Fwp%2Fv2%2Fcomments&post=1073"}],"version-history":[{"count":1,"href":"https:\/\/chillaulouvre.fr\/index.php?rest_route=\/wp\/v2\/pages\/1073\/revisions"}],"predecessor-version":[{"id":1074,"href":"https:\/\/chillaulouvre.fr\/index.php?rest_route=\/wp\/v2\/pages\/1073\/revisions\/1074"}],"wp:attachment":[{"href":"https:\/\/chillaulouvre.fr\/index.php?rest_route=%2Fwp%2Fv2%2Fmedia&parent=1073"}],"curies":[{"name":"wp","href":"https:\/\/api.w.org\/{rel}","templated":true}]}}